{"id":465,"date":"2019-12-17T15:17:37","date_gmt":"2019-12-17T14:17:37","guid":{"rendered":"https:\/\/hotel-im-ried.de\/impressum\/"},"modified":"2025-12-04T20:52:11","modified_gmt":"2025-12-04T19:52:11","slug":"impressum","status":"publish","type":"page","link":"https:\/\/hotel-im-ried.de\/en\/impressum\/","title":{"rendered":"Impressum"},"content":{"rendered":"\n<style type=\"text\/css\" data-created_by=\"avia_inline_auto\" id=\"style-css-av-k4a0ybls-2910fbe4af37b8ffa701e281d47d337d\">\n.avia-section.av-k4a0ybls-2910fbe4af37b8ffa701e281d47d337d{\nbackground-repeat:no-repeat;\nbackground-image:url(https:\/\/hotel-im-ried.de\/wp-content\/uploads\/2019\/12\/page-head.jpg);\nbackground-position:50% 50%;\nbackground-attachment:scroll;\n}\n<\/style>\n<div id='page-title'  class='avia-section av-k4a0ybls-2910fbe4af37b8ffa701e281d47d337d alternate_color avia-section-default avia-no-border-styling  avia-builder-el-0  el_before_av_section  avia-builder-el-first  avia-full-stretch avia-bg-style-scroll container_wrap fullsize'  data-section-bg-repeat='stretch'><div class='container av-section-cont-open' ><main  role=\"main\" itemprop=\"mainContentOfPage\"  class='template-page content  av-content-full alpha units'><div class='post-entry post-entry-type-page post-entry-465'><div class='entry-content-wrapper clearfix'>\n\n<style type=\"text\/css\" data-created_by=\"avia_inline_auto\" id=\"style-css-av-k4a3kmn3-2be610d3c202c0f5a4624feda2e22010\">\n#top .av-special-heading.av-k4a3kmn3-2be610d3c202c0f5a4624feda2e22010{\npadding-bottom:10px;\n}\nbody .av-special-heading.av-k4a3kmn3-2be610d3c202c0f5a4624feda2e22010 .av-special-heading-tag .heading-char{\nfont-size:25px;\n}\n.av-special-heading.av-k4a3kmn3-2be610d3c202c0f5a4624feda2e22010 .av-subheading{\nfont-size:15px;\n}\n<\/style>\n<div  class='av-special-heading av-k4a3kmn3-2be610d3c202c0f5a4624feda2e22010 av-special-heading-h1 blockquote modern-quote  avia-builder-el-1  avia-builder-el-no-sibling '><h1 class='av-special-heading-tag '  itemprop=\"headline\"  >Impressum<\/h1><div class=\"special-heading-border\"><div class=\"special-heading-inner-border\"><\/div><\/div><\/div>\n\n<\/div><\/div><\/main><!-- close content main element --><\/div><\/div><div id='av_section_2'  class='avia-section av-quak-a24b18d49f2c3d6aea9438b5d88aa9b6 main_color avia-section-default avia-no-border-styling  avia-builder-el-2  el_after_av_section  avia-builder-el-last  avia-bg-style-scroll container_wrap fullsize'  ><div class='container av-section-cont-open' ><div class='template-page content  av-content-full alpha units'><div class='post-entry post-entry-type-page post-entry-465'><div class='entry-content-wrapper clearfix'>\n<section  class='av_textblock_section av-k4a3kigi-b983c5e4b71cf4aec5bc88b69a6f6053 '   itemscope=\"itemscope\" itemtype=\"https:\/\/schema.org\/CreativeWork\" ><div class='avia_textblock'  itemprop=\"text\" ><h3>ANGABEN GEM\u00c4SS \u00a7 5 TMG:<\/h3>\n<p><strong>Hotel im Ried GmbH<\/strong><br \/>\nHindenburgstra\u00dfe 30 86609 Donauw\u00f6rth<br \/>\n<strong>Telefon<\/strong>: +49 (0) 906 999 8480<br \/>\n<strong>Telefax<\/strong>: +49 (0) 906 999 848 29<br \/>\n<strong>E-Mail<\/strong>: info@hotel-im-ried.de<br \/>\n<strong>Internet<\/strong>: www.hotel-im-ried.de<\/p>\n<p>Gesch\u00e4ftsf\u00fchrerin Frau Patrizia Mammarella<br \/>\nHandelsregister beim Amtsgericht Augsburg HRB 281 18<br \/>\nUst.-Id.Nr.:DE 291 525 561<\/p>\n<h3>HAFTUNG F\u00dcR LINKS<\/h3>\n<p>Die aufgef\u00fchrten externen Links f\u00fchren zu Inhalten fremder Anbieter. F\u00fcr diese Inhalte ist der jeweilige Anbieter verantworlich.<\/p>\n<h3>HAFTUNG F\u00dcR INHALTE<\/h3>\n<p>Die Informationen auf dieser Seite sind allgemeiner und informativer Art. Die Inhalte dieser Seiten werden mit gr\u00f6\u00dfter Sorgfalt erstellt. F\u00fcr die Richtigkeit, Vollst\u00e4ndigkeit und Aktualit\u00e4t dieser Inhalte kann jedoch keine Haftung \u00fcbernommen werden.<\/p>\n<h3>HINWEIS AUF ONLINE-STREITBEILEGUNGSPLATTFORM<\/h3>\n<p>Hinweis zur Online-Streitbeilegung gem\u00e4\u00df Art. 14 Abs. 1 ODR-VO: Die Europ\u00e4ische Kommission stellt eine Plattform zur Online-Streitbeilegung (OS) bereit, die Sie unter\u00a0<a href=\"https:\/\/ec.europa.eu\/consumers\/odr\/main\/index.cfm?event=main.home2.show&amp;lng=DE\" target=\"_blank\" rel=\"noopener noreferrer\">https:\/\/ec.europa.eu\/consumers\/odr\/<\/a>\u00a0finden.<\/p>\n<\/div><\/section>\n\n","protected":false},"excerpt":{"rendered":"","protected":false},"author":1,"featured_media":0,"parent":0,"menu_order":0,"comment_status":"closed","ping_status":"closed","template":"","meta":{"_acf_changed":false,"footnotes":""},"class_list":["post-465","page","type-page","status-publish","hentry"],"acf":[],"yoast_head":"<!-- This site is optimized with the Yoast SEO plugin v27.5 - https:\/\/yoast.com\/product\/yoast-seo-wordpress\/ -->\n<title>Impressum - Hotel im Ried Donauw\u00f6rth<\/title>\n<meta name=\"robots\" content=\"index, follow, max-snippet:-1, max-image-preview:large, max-video-preview:-1\" \/>\n<link rel=\"canonical\" href=\"https:\/\/hotel-im-ried.de\/en\/impressum\/\" \/>\n<meta property=\"og:locale\" content=\"en_US\" \/>\n<meta property=\"og:type\" content=\"article\" \/>\n<meta property=\"og:title\" content=\"Impressum - Hotel im Ried Donauw\u00f6rth\" \/>\n<meta property=\"og:url\" content=\"https:\/\/hotel-im-ried.de\/en\/impressum\/\" \/>\n<meta property=\"og:site_name\" content=\"Hotel im Ried Donauw\u00f6rth\" \/>\n<meta property=\"article:modified_time\" content=\"2025-12-04T19:52:11+00:00\" \/>\n<meta name=\"twitter:card\" content=\"summary_large_image\" \/>\n<meta name=\"twitter:label1\" content=\"Est. reading time\" \/>\n\t<meta name=\"twitter:data1\" content=\"3 minutes\" \/>\n<script type=\"application\/ld+json\" class=\"yoast-schema-graph\">{\"@context\":\"https:\\\/\\\/schema.org\",\"@graph\":[{\"@type\":\"WebPage\",\"@id\":\"https:\\\/\\\/hotel-im-ried.de\\\/en\\\/impressum\\\/\",\"url\":\"https:\\\/\\\/hotel-im-ried.de\\\/en\\\/impressum\\\/\",\"name\":\"Impressum - Hotel im Ried Donauw\u00f6rth\",\"isPartOf\":{\"@id\":\"https:\\\/\\\/hotel-im-ried.de\\\/en\\\/#website\"},\"datePublished\":\"2019-12-17T14:17:37+00:00\",\"dateModified\":\"2025-12-04T19:52:11+00:00\",\"breadcrumb\":{\"@id\":\"https:\\\/\\\/hotel-im-ried.de\\\/en\\\/impressum\\\/#breadcrumb\"},\"inLanguage\":\"en-US\",\"potentialAction\":[{\"@type\":\"ReadAction\",\"target\":[\"https:\\\/\\\/hotel-im-ried.de\\\/en\\\/impressum\\\/\"]}]},{\"@type\":\"BreadcrumbList\",\"@id\":\"https:\\\/\\\/hotel-im-ried.de\\\/en\\\/impressum\\\/#breadcrumb\",\"itemListElement\":[{\"@type\":\"ListItem\",\"position\":1,\"name\":\"Startseite\",\"item\":\"https:\\\/\\\/hotel-im-ried.de\\\/en\\\/home\\\/\"},{\"@type\":\"ListItem\",\"position\":2,\"name\":\"Impressum\"}]},{\"@type\":\"WebSite\",\"@id\":\"https:\\\/\\\/hotel-im-ried.de\\\/en\\\/#website\",\"url\":\"https:\\\/\\\/hotel-im-ried.de\\\/en\\\/\",\"name\":\"Hotel im Ried Donauw\u00f6rth\",\"description\":\"\",\"publisher\":{\"@id\":\"https:\\\/\\\/hotel-im-ried.de\\\/en\\\/#organization\"},\"potentialAction\":[{\"@type\":\"SearchAction\",\"target\":{\"@type\":\"EntryPoint\",\"urlTemplate\":\"https:\\\/\\\/hotel-im-ried.de\\\/en\\\/?s={search_term_string}\"},\"query-input\":{\"@type\":\"PropertyValueSpecification\",\"valueRequired\":true,\"valueName\":\"search_term_string\"}}],\"inLanguage\":\"en-US\"},{\"@type\":\"Organization\",\"@id\":\"https:\\\/\\\/hotel-im-ried.de\\\/en\\\/#organization\",\"name\":\"Hotel im Ried\",\"url\":\"https:\\\/\\\/hotel-im-ried.de\\\/en\\\/\",\"logo\":{\"@type\":\"ImageObject\",\"inLanguage\":\"en-US\",\"@id\":\"https:\\\/\\\/hotel-im-ried.de\\\/en\\\/#\\\/schema\\\/logo\\\/image\\\/\",\"url\":\"https:\\\/\\\/hotel-im-ried.de\\\/wp-content\\\/uploads\\\/2019\\\/12\\\/logo.jpg\",\"contentUrl\":\"https:\\\/\\\/hotel-im-ried.de\\\/wp-content\\\/uploads\\\/2019\\\/12\\\/logo.jpg\",\"width\":309,\"height\":146,\"caption\":\"Hotel im Ried\"},\"image\":{\"@id\":\"https:\\\/\\\/hotel-im-ried.de\\\/en\\\/#\\\/schema\\\/logo\\\/image\\\/\"}}]}<\/script>\n<!-- \/ Yoast SEO plugin. -->","yoast_head_json":{"title":"Impressum - Hotel im Ried Donauw\u00f6rth","robots":{"index":"index","follow":"follow","max-snippet":"max-snippet:-1","max-image-preview":"max-image-preview:large","max-video-preview":"max-video-preview:-1"},"canonical":"https:\/\/hotel-im-ried.de\/en\/impressum\/","og_locale":"en_US","og_type":"article","og_title":"Impressum - Hotel im Ried Donauw\u00f6rth","og_url":"https:\/\/hotel-im-ried.de\/en\/impressum\/","og_site_name":"Hotel im Ried Donauw\u00f6rth","article_modified_time":"2025-12-04T19:52:11+00:00","twitter_card":"summary_large_image","twitter_misc":{"Est. reading time":"3 minutes"},"schema":{"@context":"https:\/\/schema.org","@graph":[{"@type":"WebPage","@id":"https:\/\/hotel-im-ried.de\/en\/impressum\/","url":"https:\/\/hotel-im-ried.de\/en\/impressum\/","name":"Impressum - Hotel im Ried Donauw\u00f6rth","isPartOf":{"@id":"https:\/\/hotel-im-ried.de\/en\/#website"},"datePublished":"2019-12-17T14:17:37+00:00","dateModified":"2025-12-04T19:52:11+00:00","breadcrumb":{"@id":"https:\/\/hotel-im-ried.de\/en\/impressum\/#breadcrumb"},"inLanguage":"en-US","potentialAction":[{"@type":"ReadAction","target":["https:\/\/hotel-im-ried.de\/en\/impressum\/"]}]},{"@type":"BreadcrumbList","@id":"https:\/\/hotel-im-ried.de\/en\/impressum\/#breadcrumb","itemListElement":[{"@type":"ListItem","position":1,"name":"Startseite","item":"https:\/\/hotel-im-ried.de\/en\/home\/"},{"@type":"ListItem","position":2,"name":"Impressum"}]},{"@type":"WebSite","@id":"https:\/\/hotel-im-ried.de\/en\/#website","url":"https:\/\/hotel-im-ried.de\/en\/","name":"Hotel im Ried Donauw\u00f6rth","description":"","publisher":{"@id":"https:\/\/hotel-im-ried.de\/en\/#organization"},"potentialAction":[{"@type":"SearchAction","target":{"@type":"EntryPoint","urlTemplate":"https:\/\/hotel-im-ried.de\/en\/?s={search_term_string}"},"query-input":{"@type":"PropertyValueSpecification","valueRequired":true,"valueName":"search_term_string"}}],"inLanguage":"en-US"},{"@type":"Organization","@id":"https:\/\/hotel-im-ried.de\/en\/#organization","name":"Hotel im Ried","url":"https:\/\/hotel-im-ried.de\/en\/","logo":{"@type":"ImageObject","inLanguage":"en-US","@id":"https:\/\/hotel-im-ried.de\/en\/#\/schema\/logo\/image\/","url":"https:\/\/hotel-im-ried.de\/wp-content\/uploads\/2019\/12\/logo.jpg","contentUrl":"https:\/\/hotel-im-ried.de\/wp-content\/uploads\/2019\/12\/logo.jpg","width":309,"height":146,"caption":"Hotel im Ried"},"image":{"@id":"https:\/\/hotel-im-ried.de\/en\/#\/schema\/logo\/image\/"}}]}},"_links":{"self":[{"href":"https:\/\/hotel-im-ried.de\/en\/wp-json\/wp\/v2\/pages\/465","targetHints":{"allow":["GET"]}}],"collection":[{"href":"https:\/\/hotel-im-ried.de\/en\/wp-json\/wp\/v2\/pages"}],"about":[{"href":"https:\/\/hotel-im-ried.de\/en\/wp-json\/wp\/v2\/types\/page"}],"author":[{"embeddable":true,"href":"https:\/\/hotel-im-ried.de\/en\/wp-json\/wp\/v2\/users\/1"}],"replies":[{"embeddable":true,"href":"https:\/\/hotel-im-ried.de\/en\/wp-json\/wp\/v2\/comments?post=465"}],"version-history":[{"count":1,"href":"https:\/\/hotel-im-ried.de\/en\/wp-json\/wp\/v2\/pages\/465\/revisions"}],"predecessor-version":[{"id":1053,"href":"https:\/\/hotel-im-ried.de\/en\/wp-json\/wp\/v2\/pages\/465\/revisions\/1053"}],"wp:attachment":[{"href":"https:\/\/hotel-im-ried.de\/en\/wp-json\/wp\/v2\/media?parent=465"}],"curies":[{"name":"wp","href":"https:\/\/api.w.org\/{rel}","templated":true}]}}

<style type="text/css" data-created_by="avia_inline_auto" id="style-css-av-k4a0ybls-2910fbe4af37b8ffa701e281d47d337d">
.avia-section.av-k4a0ybls-2910fbe4af37b8ffa701e281d47d337d{
background-repeat:no-repeat;
background-image:url(https://hotel-im-ried.de/wp-content/uploads/2019/12/page-head.jpg);
background-position:50% 50%;
background-attachment:scroll;
}
</style>
<div id='page-title'  class='avia-section av-k4a0ybls-2910fbe4af37b8ffa701e281d47d337d alternate_color avia-section-default avia-no-border-styling  avia-builder-el-0  el_before_av_section  avia-builder-el-first  avia-full-stretch avia-bg-style-scroll container_wrap fullsize'  data-section-bg-repeat='stretch'><div class='container av-section-cont-open' ><main  role="main" itemprop="mainContentOfPage"  class='template-page content  av-content-full alpha units'><div class='post-entry post-entry-type-page post-entry-465'><div class='entry-content-wrapper clearfix'>

<style type="text/css" data-created_by="avia_inline_auto" id="style-css-av-k4a3kmn3-2be610d3c202c0f5a4624feda2e22010">
#top .av-special-heading.av-k4a3kmn3-2be610d3c202c0f5a4624feda2e22010{
padding-bottom:10px;
}
body .av-special-heading.av-k4a3kmn3-2be610d3c202c0f5a4624feda2e22010 .av-special-heading-tag .heading-char{
font-size:25px;
}
.av-special-heading.av-k4a3kmn3-2be610d3c202c0f5a4624feda2e22010 .av-subheading{
font-size:15px;
}
</style>
<div  class='av-special-heading av-k4a3kmn3-2be610d3c202c0f5a4624feda2e22010 av-special-heading-h1 blockquote modern-quote  avia-builder-el-1  avia-builder-el-no-sibling '><h1 class='av-special-heading-tag '  itemprop="headline"  >Impressum</h1><div class="special-heading-border"><div class="special-heading-inner-border"></div></div></div>

</div></div></main><!-- close content main element --></div></div><div id='av_section_2'  class='avia-section av-quak-a24b18d49f2c3d6aea9438b5d88aa9b6 main_color avia-section-default avia-no-border-styling  avia-builder-el-2  el_after_av_section  avia-builder-el-last  avia-bg-style-scroll container_wrap fullsize'  ><div class='container av-section-cont-open' ><div class='template-page content  av-content-full alpha units'><div class='post-entry post-entry-type-page post-entry-465'><div class='entry-content-wrapper clearfix'>
<section  class='av_textblock_section av-k4a3kigi-b983c5e4b71cf4aec5bc88b69a6f6053 '   itemscope="itemscope" itemtype="https://schema.org/CreativeWork" ><div class='avia_textblock'  itemprop="text" ><h3>ANGABEN GEMÄSS § 5 TMG:</h3>
<p><strong>Hotel im Ried GmbH</strong><br />
Hindenburgstraße 30 86609 Donauwörth<br />
<strong>Telefon</strong>: +49 (0) 906 999 8480<br />
<strong>Telefax</strong>: +49 (0) 906 999 848 29<br />
<strong>E-Mail</strong>: info@hotel-im-ried.de<br />
<strong>Internet</strong>: www.hotel-im-ried.de</p>
<p>Geschäftsführerin Frau Patrizia Mammarella<br />
Handelsregister beim Amtsgericht Augsburg HRB 281 18<br />
Ust.-Id.Nr.:DE 291 525 561</p>
<h3>HAFTUNG FÜR LINKS</h3>
<p>Die aufgeführten externen Links führen zu Inhalten fremder Anbieter. Für diese Inhalte ist der jeweilige Anbieter verantworlich.</p>
<h3>HAFTUNG FÜR INHALTE</h3>
<p>Die Informationen auf dieser Seite sind allgemeiner und informativer Art. Die Inhalte dieser Seiten werden mit größter Sorgfalt erstellt. Für die Richtigkeit, Vollständigkeit und Aktualität dieser Inhalte kann jedoch keine Haftung übernommen werden.</p>
<h3>HINWEIS AUF ONLINE-STREITBEILEGUNGSPLATTFORM</h3>
<p>Hinweis zur Online-Streitbeilegung gemäß Art. 14 Abs. 1 ODR-VO: Die Europäische Kommission stellt eine Plattform zur Online-Streitbeilegung (OS) bereit, die Sie unter <a href="https://ec.europa.eu/consumers/odr/main/index.cfm?event=main.home2.show&amp;lng=DE" target="_blank" rel="noopener noreferrer">https://ec.europa.eu/consumers/odr/</a> finden.</p>
</div></section>

<!-- This site is optimized with the Yoast SEO plugin v27.5 - https://yoast.com/product/yoast-seo-wordpress/ -->
<title>Impressum - Hotel im Ried Donauwörth</title>
<meta name="robots" content="index, follow, max-snippet:-1, max-image-preview:large, max-video-preview:-1" />
<link rel="canonical" href="https://hotel-im-ried.de/en/impressum/" />
<meta property="og:locale" content="en_US" />
<meta property="og:type" content="article" />
<meta property="og:title" content="Impressum - Hotel im Ried Donauwörth" />
<meta property="og:url" content="https://hotel-im-ried.de/en/impressum/" />
<meta property="og:site_name" content="Hotel im Ried Donauwörth" />
<meta property="article:modified_time" content="2025-12-04T19:52:11+00:00" />
<meta name="twitter:card" content="summary_large_image" />
<meta name="twitter:label1" content="Est. reading time" />
	<meta name="twitter:data1" content="3 minutes" />
<script type="application/ld+json" class="yoast-schema-graph">{"@context":"https:\/\/schema.org","@graph":[{"@type":"WebPage","@id":"https:\/\/hotel-im-ried.de\/en\/impressum\/","url":"https:\/\/hotel-im-ried.de\/en\/impressum\/","name":"Impressum - Hotel im Ried Donauwörth","isPartOf":{"@id":"https:\/\/hotel-im-ried.de\/en\/#website"},"datePublished":"2019-12-17T14:17:37+00:00","dateModified":"2025-12-04T19:52:11+00:00","breadcrumb":{"@id":"https:\/\/hotel-im-ried.de\/en\/impressum\/#breadcrumb"},"inLanguage":"en-US","potentialAction":[{"@type":"ReadAction","target":["https:\/\/hotel-im-ried.de\/en\/impressum\/"]}]},{"@type":"BreadcrumbList","@id":"https:\/\/hotel-im-ried.de\/en\/impressum\/#breadcrumb","itemListElement":[{"@type":"ListItem","position":1,"name":"Startseite","item":"https:\/\/hotel-im-ried.de\/en\/home\/"},{"@type":"ListItem","position":2,"name":"Impressum"}]},{"@type":"WebSite","@id":"https:\/\/hotel-im-ried.de\/en\/#website","url":"https:\/\/hotel-im-ried.de\/en\/","name":"Hotel im Ried Donauwörth","description":"","publisher":{"@id":"https:\/\/hotel-im-ried.de\/en\/#organization"},"potentialAction":[{"@type":"SearchAction","target":{"@type":"EntryPoint","urlTemplate":"https:\/\/hotel-im-ried.de\/en\/?s={search_term_string}"},"query-input":{"@type":"PropertyValueSpecification","valueRequired":true,"valueName":"search_term_string"}}],"inLanguage":"en-US"},{"@type":"Organization","@id":"https:\/\/hotel-im-ried.de\/en\/#organization","name":"Hotel im Ried","url":"https:\/\/hotel-im-ried.de\/en\/","logo":{"@type":"ImageObject","inLanguage":"en-US","@id":"https:\/\/hotel-im-ried.de\/en\/#\/schema\/logo\/image\/","url":"https:\/\/hotel-im-ried.de\/wp-content\/uploads\/2019\/12\/logo.jpg","contentUrl":"https:\/\/hotel-im-ried.de\/wp-content\/uploads\/2019\/12\/logo.jpg","width":309,"height":146,"caption":"Hotel im Ried"},"image":{"@id":"https:\/\/hotel-im-ried.de\/en\/#\/schema\/logo\/image\/"}}]}</script>
<!-- / Yoast SEO plugin. -->

Impressum - Hotel im Ried Donauwörth

Hotel im Ried Donauwörth
