{"id":461,"date":"2019-12-17T16:59:40","date_gmt":"2019-12-17T15:59:40","guid":{"rendered":"https:\/\/hotel-im-ried.de\/parkmoeglichkeiten\/"},"modified":"2023-06-18T21:12:47","modified_gmt":"2023-06-18T19:12:47","slug":"parking","status":"publish","type":"page","link":"https:\/\/hotel-im-ried.de\/en\/parking\/","title":{"rendered":"Parking"},"content":{"rendered":"\n<style type=\"text\/css\" data-created_by=\"avia_inline_auto\" id=\"style-css-av-av_section-42d3ae7769ba25de53d0b44b13459b8f\">\n.avia-section.av-av_section-42d3ae7769ba25de53d0b44b13459b8f{\nbackground-repeat:no-repeat;\nbackground-image:url(https:\/\/hotel-im-ried.de\/wp-content\/uploads\/2019\/12\/page-head-parken.jpg);\nbackground-position:50% 50%;\nbackground-attachment:scroll;\n}\n<\/style>\n<div id='page-title'  class='avia-section av-av_section-42d3ae7769ba25de53d0b44b13459b8f alternate_color avia-section-default avia-no-border-styling  avia-builder-el-0  el_before_av_section  avia-builder-el-first  avia-full-stretch avia-bg-style-scroll container_wrap fullsize'  data-section-bg-repeat='stretch'><div class='container av-section-cont-open' ><main  role=\"main\" itemprop=\"mainContentOfPage\"  class='template-page content  av-content-full alpha units'><div class='post-entry post-entry-type-page post-entry-461'><div class='entry-content-wrapper clearfix'>\n\n<style type=\"text\/css\" data-created_by=\"avia_inline_auto\" id=\"style-css-av-av_heading-5b6551eec285a3b8f769657eb8dfedfc\">\n#top .av-special-heading.av-av_heading-5b6551eec285a3b8f769657eb8dfedfc{\npadding-bottom:10px;\n}\nbody .av-special-heading.av-av_heading-5b6551eec285a3b8f769657eb8dfedfc .av-special-heading-tag .heading-char{\nfont-size:25px;\n}\n.av-special-heading.av-av_heading-5b6551eec285a3b8f769657eb8dfedfc .av-subheading{\nfont-size:15px;\n}\n<\/style>\n<div  class='av-special-heading av-av_heading-5b6551eec285a3b8f769657eb8dfedfc av-special-heading-h1 blockquote modern-quote  avia-builder-el-1  avia-builder-el-no-sibling  av-linked-heading'><h1 class='av-special-heading-tag '  itemprop=\"headline\"  >Parking<\/h1><div class=\"special-heading-border\"><div class=\"special-heading-inner-border\"><\/div><\/div><\/div>\n\n<\/div><\/div><\/main><!-- close content main element --><\/div><\/div><div id='av_section_2'  class='avia-section av-av_section-bbedcb0fc457d4319fdb5e628441284c main_color avia-section-default avia-no-border-styling  avia-builder-el-2  el_after_av_section  avia-builder-el-last  avia-bg-style-scroll container_wrap fullsize'  ><div class='container av-section-cont-open' ><div class='template-page content  av-content-full alpha units'><div class='post-entry post-entry-type-page post-entry-461'><div class='entry-content-wrapper clearfix'>\n\n<style type=\"text\/css\" data-created_by=\"avia_inline_auto\" id=\"style-css-av-av_image-99ed4abb06c05be017ca68d9d7bea401\">\n.avia-image-container.av-av_image-99ed4abb06c05be017ca68d9d7bea401 img.avia_image{\nbox-shadow:none;\n}\n.avia-image-container.av-av_image-99ed4abb06c05be017ca68d9d7bea401 .av-image-caption-overlay-center{\ncolor:#ffffff;\n}\n<\/style>\n<div  class='avia-image-container av-av_image-99ed4abb06c05be017ca68d9d7bea401 av-styling- avia-align-center  avia-builder-el-3  el_before_av_textblock  avia-builder-el-first '   itemprop=\"image\" itemscope=\"itemscope\" itemtype=\"https:\/\/schema.org\/ImageObject\" ><div class=\"avia-image-container-inner\"><div class=\"avia-image-overlay-wrap\"><img decoding=\"async\" fetchpriority=\"high\" class='wp-image-338 avia-img-lazy-loading-not-338 avia_image ' src=\"https:\/\/hotel-im-ried.de\/wp-content\/uploads\/2019\/12\/parken.jpg\" alt='' title=''  height=\"754\" width=\"1600\"  itemprop=\"thumbnailUrl\" srcset=\"https:\/\/hotel-im-ried.de\/wp-content\/uploads\/2019\/12\/parken.jpg 1600w, https:\/\/hotel-im-ried.de\/wp-content\/uploads\/2019\/12\/parken-300x141.jpg 300w, https:\/\/hotel-im-ried.de\/wp-content\/uploads\/2019\/12\/parken-1030x485.jpg 1030w, https:\/\/hotel-im-ried.de\/wp-content\/uploads\/2019\/12\/parken-768x362.jpg 768w, https:\/\/hotel-im-ried.de\/wp-content\/uploads\/2019\/12\/parken-1536x724.jpg 1536w, https:\/\/hotel-im-ried.de\/wp-content\/uploads\/2019\/12\/parken-1500x707.jpg 1500w, https:\/\/hotel-im-ried.de\/wp-content\/uploads\/2019\/12\/parken-705x332.jpg 705w\" sizes=\"(max-width: 1600px) 100vw, 1600px\" \/><\/div><\/div><\/div>\n<section  class='av_textblock_section av-av_textblock-7a1af7d8f9790576b1769c0a9f0449ed '   itemscope=\"itemscope\" itemtype=\"https:\/\/schema.org\/CreativeWork\" ><div class='avia_textblock'  itemprop=\"text\" ><p>* The proposed parking garages are not part of the hotel.<\/p>\n<\/div><\/section>\n\n","protected":false},"excerpt":{"rendered":"","protected":false},"author":1,"featured_media":0,"parent":0,"menu_order":0,"comment_status":"closed","ping_status":"closed","template":"","meta":{"_acf_changed":false,"footnotes":""},"class_list":["post-461","page","type-page","status-publish","hentry"],"acf":[],"yoast_head":"<!-- This site is optimized with the Yoast SEO plugin v27.5 - https:\/\/yoast.com\/product\/yoast-seo-wordpress\/ -->\n<title>Parking - Hotel im Ried Donauw\u00f6rth<\/title>\n<meta name=\"description\" content=\"Parkm\u00f6glichkeiten Hotel im Ried und Restaurant Cilento in Donauw\u00f6rth. Hilfreiche Tipps zum Parken ums Hotel\" \/>\n<meta name=\"robots\" content=\"index, follow, max-snippet:-1, max-image-preview:large, max-video-preview:-1\" \/>\n<link rel=\"canonical\" href=\"https:\/\/hotel-im-ried.de\/en\/parking\/\" \/>\n<meta property=\"og:locale\" content=\"en_US\" \/>\n<meta property=\"og:type\" content=\"article\" \/>\n<meta property=\"og:title\" content=\"Parking - Hotel im Ried Donauw\u00f6rth\" \/>\n<meta property=\"og:description\" content=\"Parkm\u00f6glichkeiten Hotel im Ried und Restaurant Cilento in Donauw\u00f6rth. Hilfreiche Tipps zum Parken ums Hotel\" \/>\n<meta property=\"og:url\" content=\"https:\/\/hotel-im-ried.de\/en\/parking\/\" \/>\n<meta property=\"og:site_name\" content=\"Hotel im Ried Donauw\u00f6rth\" \/>\n<meta property=\"article:modified_time\" content=\"2023-06-18T19:12:47+00:00\" \/>\n<meta name=\"twitter:card\" content=\"summary_large_image\" \/>\n<meta name=\"twitter:label1\" content=\"Est. reading time\" \/>\n\t<meta name=\"twitter:data1\" content=\"1 minute\" \/>\n<script type=\"application\/ld+json\" class=\"yoast-schema-graph\">{\"@context\":\"https:\\\/\\\/schema.org\",\"@graph\":[{\"@type\":\"WebPage\",\"@id\":\"https:\\\/\\\/hotel-im-ried.de\\\/en\\\/parking\\\/\",\"url\":\"https:\\\/\\\/hotel-im-ried.de\\\/en\\\/parking\\\/\",\"name\":\"Parking - Hotel im Ried Donauw\u00f6rth\",\"isPartOf\":{\"@id\":\"https:\\\/\\\/hotel-im-ried.de\\\/en\\\/#website\"},\"datePublished\":\"2019-12-17T15:59:40+00:00\",\"dateModified\":\"2023-06-18T19:12:47+00:00\",\"description\":\"Parkm\u00f6glichkeiten Hotel im Ried und Restaurant Cilento in Donauw\u00f6rth. Hilfreiche Tipps zum Parken ums Hotel\",\"breadcrumb\":{\"@id\":\"https:\\\/\\\/hotel-im-ried.de\\\/en\\\/parking\\\/#breadcrumb\"},\"inLanguage\":\"en-US\",\"potentialAction\":[{\"@type\":\"ReadAction\",\"target\":[\"https:\\\/\\\/hotel-im-ried.de\\\/en\\\/parking\\\/\"]}]},{\"@type\":\"BreadcrumbList\",\"@id\":\"https:\\\/\\\/hotel-im-ried.de\\\/en\\\/parking\\\/#breadcrumb\",\"itemListElement\":[{\"@type\":\"ListItem\",\"position\":1,\"name\":\"Startseite\",\"item\":\"https:\\\/\\\/hotel-im-ried.de\\\/en\\\/home\\\/\"},{\"@type\":\"ListItem\",\"position\":2,\"name\":\"Parking\"}]},{\"@type\":\"WebSite\",\"@id\":\"https:\\\/\\\/hotel-im-ried.de\\\/en\\\/#website\",\"url\":\"https:\\\/\\\/hotel-im-ried.de\\\/en\\\/\",\"name\":\"Hotel im Ried Donauw\u00f6rth\",\"description\":\"\",\"publisher\":{\"@id\":\"https:\\\/\\\/hotel-im-ried.de\\\/en\\\/#organization\"},\"potentialAction\":[{\"@type\":\"SearchAction\",\"target\":{\"@type\":\"EntryPoint\",\"urlTemplate\":\"https:\\\/\\\/hotel-im-ried.de\\\/en\\\/?s={search_term_string}\"},\"query-input\":{\"@type\":\"PropertyValueSpecification\",\"valueRequired\":true,\"valueName\":\"search_term_string\"}}],\"inLanguage\":\"en-US\"},{\"@type\":\"Organization\",\"@id\":\"https:\\\/\\\/hotel-im-ried.de\\\/en\\\/#organization\",\"name\":\"Hotel im Ried\",\"url\":\"https:\\\/\\\/hotel-im-ried.de\\\/en\\\/\",\"logo\":{\"@type\":\"ImageObject\",\"inLanguage\":\"en-US\",\"@id\":\"https:\\\/\\\/hotel-im-ried.de\\\/en\\\/#\\\/schema\\\/logo\\\/image\\\/\",\"url\":\"https:\\\/\\\/hotel-im-ried.de\\\/wp-content\\\/uploads\\\/2019\\\/12\\\/logo.jpg\",\"contentUrl\":\"https:\\\/\\\/hotel-im-ried.de\\\/wp-content\\\/uploads\\\/2019\\\/12\\\/logo.jpg\",\"width\":309,\"height\":146,\"caption\":\"Hotel im Ried\"},\"image\":{\"@id\":\"https:\\\/\\\/hotel-im-ried.de\\\/en\\\/#\\\/schema\\\/logo\\\/image\\\/\"}}]}<\/script>\n<!-- \/ Yoast SEO plugin. -->","yoast_head_json":{"title":"Parking - Hotel im Ried Donauw\u00f6rth","description":"Parkm\u00f6glichkeiten Hotel im Ried und Restaurant Cilento in Donauw\u00f6rth. Hilfreiche Tipps zum Parken ums Hotel","robots":{"index":"index","follow":"follow","max-snippet":"max-snippet:-1","max-image-preview":"max-image-preview:large","max-video-preview":"max-video-preview:-1"},"canonical":"https:\/\/hotel-im-ried.de\/en\/parking\/","og_locale":"en_US","og_type":"article","og_title":"Parking - Hotel im Ried Donauw\u00f6rth","og_description":"Parkm\u00f6glichkeiten Hotel im Ried und Restaurant Cilento in Donauw\u00f6rth. Hilfreiche Tipps zum Parken ums Hotel","og_url":"https:\/\/hotel-im-ried.de\/en\/parking\/","og_site_name":"Hotel im Ried Donauw\u00f6rth","article_modified_time":"2023-06-18T19:12:47+00:00","twitter_card":"summary_large_image","twitter_misc":{"Est. reading time":"1 minute"},"schema":{"@context":"https:\/\/schema.org","@graph":[{"@type":"WebPage","@id":"https:\/\/hotel-im-ried.de\/en\/parking\/","url":"https:\/\/hotel-im-ried.de\/en\/parking\/","name":"Parking - Hotel im Ried Donauw\u00f6rth","isPartOf":{"@id":"https:\/\/hotel-im-ried.de\/en\/#website"},"datePublished":"2019-12-17T15:59:40+00:00","dateModified":"2023-06-18T19:12:47+00:00","description":"Parkm\u00f6glichkeiten Hotel im Ried und Restaurant Cilento in Donauw\u00f6rth. Hilfreiche Tipps zum Parken ums Hotel","breadcrumb":{"@id":"https:\/\/hotel-im-ried.de\/en\/parking\/#breadcrumb"},"inLanguage":"en-US","potentialAction":[{"@type":"ReadAction","target":["https:\/\/hotel-im-ried.de\/en\/parking\/"]}]},{"@type":"BreadcrumbList","@id":"https:\/\/hotel-im-ried.de\/en\/parking\/#breadcrumb","itemListElement":[{"@type":"ListItem","position":1,"name":"Startseite","item":"https:\/\/hotel-im-ried.de\/en\/home\/"},{"@type":"ListItem","position":2,"name":"Parking"}]},{"@type":"WebSite","@id":"https:\/\/hotel-im-ried.de\/en\/#website","url":"https:\/\/hotel-im-ried.de\/en\/","name":"Hotel im Ried Donauw\u00f6rth","description":"","publisher":{"@id":"https:\/\/hotel-im-ried.de\/en\/#organization"},"potentialAction":[{"@type":"SearchAction","target":{"@type":"EntryPoint","urlTemplate":"https:\/\/hotel-im-ried.de\/en\/?s={search_term_string}"},"query-input":{"@type":"PropertyValueSpecification","valueRequired":true,"valueName":"search_term_string"}}],"inLanguage":"en-US"},{"@type":"Organization","@id":"https:\/\/hotel-im-ried.de\/en\/#organization","name":"Hotel im Ried","url":"https:\/\/hotel-im-ried.de\/en\/","logo":{"@type":"ImageObject","inLanguage":"en-US","@id":"https:\/\/hotel-im-ried.de\/en\/#\/schema\/logo\/image\/","url":"https:\/\/hotel-im-ried.de\/wp-content\/uploads\/2019\/12\/logo.jpg","contentUrl":"https:\/\/hotel-im-ried.de\/wp-content\/uploads\/2019\/12\/logo.jpg","width":309,"height":146,"caption":"Hotel im Ried"},"image":{"@id":"https:\/\/hotel-im-ried.de\/en\/#\/schema\/logo\/image\/"}}]}},"_links":{"self":[{"href":"https:\/\/hotel-im-ried.de\/en\/wp-json\/wp\/v2\/pages\/461","targetHints":{"allow":["GET"]}}],"collection":[{"href":"https:\/\/hotel-im-ried.de\/en\/wp-json\/wp\/v2\/pages"}],"about":[{"href":"https:\/\/hotel-im-ried.de\/en\/wp-json\/wp\/v2\/types\/page"}],"author":[{"embeddable":true,"href":"https:\/\/hotel-im-ried.de\/en\/wp-json\/wp\/v2\/users\/1"}],"replies":[{"embeddable":true,"href":"https:\/\/hotel-im-ried.de\/en\/wp-json\/wp\/v2\/comments?post=461"}],"version-history":[{"count":1,"href":"https:\/\/hotel-im-ried.de\/en\/wp-json\/wp\/v2\/pages\/461\/revisions"}],"predecessor-version":[{"id":483,"href":"https:\/\/hotel-im-ried.de\/en\/wp-json\/wp\/v2\/pages\/461\/revisions\/483"}],"wp:attachment":[{"href":"https:\/\/hotel-im-ried.de\/en\/wp-json\/wp\/v2\/media?parent=461"}],"curies":[{"name":"wp","href":"https:\/\/api.w.org\/{rel}","templated":true}]}}

<!-- This site is optimized with the Yoast SEO plugin v27.5 - https://yoast.com/product/yoast-seo-wordpress/ -->
<title>Parking - Hotel im Ried Donauwörth</title>
<meta name="description" content="Parkmöglichkeiten Hotel im Ried und Restaurant Cilento in Donauwörth. Hilfreiche Tipps zum Parken ums Hotel" />
<meta name="robots" content="index, follow, max-snippet:-1, max-image-preview:large, max-video-preview:-1" />
<link rel="canonical" href="https://hotel-im-ried.de/en/parking/" />
<meta property="og:locale" content="en_US" />
<meta property="og:type" content="article" />
<meta property="og:title" content="Parking - Hotel im Ried Donauwörth" />
<meta property="og:description" content="Parkmöglichkeiten Hotel im Ried und Restaurant Cilento in Donauwörth. Hilfreiche Tipps zum Parken ums Hotel" />
<meta property="og:url" content="https://hotel-im-ried.de/en/parking/" />
<meta property="og:site_name" content="Hotel im Ried Donauwörth" />
<meta property="article:modified_time" content="2023-06-18T19:12:47+00:00" />
<meta name="twitter:card" content="summary_large_image" />
<meta name="twitter:label1" content="Est. reading time" />
	<meta name="twitter:data1" content="1 minute" />
<script type="application/ld+json" class="yoast-schema-graph">{"@context":"https:\/\/schema.org","@graph":[{"@type":"WebPage","@id":"https:\/\/hotel-im-ried.de\/en\/parking\/","url":"https:\/\/hotel-im-ried.de\/en\/parking\/","name":"Parking - Hotel im Ried Donauwörth","isPartOf":{"@id":"https:\/\/hotel-im-ried.de\/en\/#website"},"datePublished":"2019-12-17T15:59:40+00:00","dateModified":"2023-06-18T19:12:47+00:00","description":"Parkmöglichkeiten Hotel im Ried und Restaurant Cilento in Donauwörth. Hilfreiche Tipps zum Parken ums Hotel","breadcrumb":{"@id":"https:\/\/hotel-im-ried.de\/en\/parking\/#breadcrumb"},"inLanguage":"en-US","potentialAction":[{"@type":"ReadAction","target":["https:\/\/hotel-im-ried.de\/en\/parking\/"]}]},{"@type":"BreadcrumbList","@id":"https:\/\/hotel-im-ried.de\/en\/parking\/#breadcrumb","itemListElement":[{"@type":"ListItem","position":1,"name":"Startseite","item":"https:\/\/hotel-im-ried.de\/en\/home\/"},{"@type":"ListItem","position":2,"name":"Parking"}]},{"@type":"WebSite","@id":"https:\/\/hotel-im-ried.de\/en\/#website","url":"https:\/\/hotel-im-ried.de\/en\/","name":"Hotel im Ried Donauwörth","description":"","publisher":{"@id":"https:\/\/hotel-im-ried.de\/en\/#organization"},"potentialAction":[{"@type":"SearchAction","target":{"@type":"EntryPoint","urlTemplate":"https:\/\/hotel-im-ried.de\/en\/?s={search_term_string}"},"query-input":{"@type":"PropertyValueSpecification","valueRequired":true,"valueName":"search_term_string"}}],"inLanguage":"en-US"},{"@type":"Organization","@id":"https:\/\/hotel-im-ried.de\/en\/#organization","name":"Hotel im Ried","url":"https:\/\/hotel-im-ried.de\/en\/","logo":{"@type":"ImageObject","inLanguage":"en-US","@id":"https:\/\/hotel-im-ried.de\/en\/#\/schema\/logo\/image\/","url":"https:\/\/hotel-im-ried.de\/wp-content\/uploads\/2019\/12\/logo.jpg","contentUrl":"https:\/\/hotel-im-ried.de\/wp-content\/uploads\/2019\/12\/logo.jpg","width":309,"height":146,"caption":"Hotel im Ried"},"image":{"@id":"https:\/\/hotel-im-ried.de\/en\/#\/schema\/logo\/image\/"}}]}</script>
<!-- / Yoast SEO plugin. -->

Parking - Hotel im Ried Donauwörth

Parkmöglichkeiten Hotel im Ried und Restaurant Cilento in Donauwörth. Hilfreiche Tipps zum Parken ums Hotel

Hotel im Ried Donauwörth
